4/(-12))/(3/27). Calculate the remainder when j is divided by 6 + -1 + p - -2.
3
Let f(s) = 2*s**2 + 5*s - 2. Calculate the remainder when 89 is divided by f(-5).
20
Suppose 114 + 156 = 2*a. Suppose a = 5*l - 2*t, -28 - 142 = -5*l - 5*t. What is the remainder when l is divided by 10?
9
Let g be 1 + (-2 - 9*-47). Suppose -2*i + g = 2*i + 5*v, 0 = 4*i - 4*v - 404. Calculate the remainder when i is divided by 26.
25
Suppose -4*p = -5*m - 0*m + 25, 0 = 5*p. Suppose -5*b + 17 = 4*k - 2*b, 4*k = b + m. Let y = k + -1. Calculate the remainder when 1 is divided by y.
0
Calculate the remainder when 2/(-4)*(-119 + -5) is divided by 22.
18
Suppose b - 2 = 17. What is the remainder when b is divided by 14/105 + (-73)/(-15)?
4
What is the remainder when 13 is divided by (28/(-16))/((-1)/4)?
6
Suppose 14*y - 603 = 167. What is the remainder when 218 is divided by y?
53
Calculate the remainder when 8 is divided by 2 + 4 + 2 + -6.
0
Suppose 31 = 8*u - 137. Calculate the remainder when 102 is divided by u.
18
Let r = -17 - -19. What is the remainder when 5 is divided by r?
1
Let t(r) = 58*r + 6. Calculate the remainder when t(1) is divided by (21 - -1*2) + -1.
20
Calculate the remainder when 60 is divided by 3*((-51)/(-9) + 2 + -2).
9
Suppose 0 = 4*f - 2*f - 46. Let w = -8 + f. Let t = 22 - w. Calculate the remainder when 27 is divided by t.
6
Let y = 12 + -9. Suppose 0 = -b - y*u + 18, 5*b = -5*u + 94 - 34. Calculate the remainder when 24 is divided by b.
6
Let m(k) = 2*k - 1. Let r(n) = -n + 3. Let o be r(0). Suppose 0 = -o*w + w + 16. Calculate the remainder when w is divided by m(2).
2
Let h(p) = p**3 - 5*p**2 + 2*p - 4. Let l = -4 + 9. Let y = -25 + 41. Calculate the remainder when y is divided by h(l).
4
Let u(w) = w**2 + 4*w + 2. Let a be u(-4). Suppose 49 = z - 4*h, -2*z = -3*z + a*h + 59. Calculate the remainder when z is divided by 36.
33
What is the remainder when (-4)/6 - 268/(-6) is divided by (-4 + -1)*1*3/(-1)?
14
Let d(o) = o + 13. What is the remainder when d(20) is divided by 9?
6
What is the remainder when 61 is divided by (-150)/45*48/(-10)?
13
Suppose -g + 9 = 2*g. Suppose -5*b + 18 + 42 = 0. Calculate the remainder when b is divided by g.
0
Suppose 4*b - 364 - 52 = 0. Suppose 0 = v - 4*l - 12, -4*v + 5*l + 17 = -9. Suppose v*t = -0*t + b. What is the remainder when t is divided by 9?
8
Let m = -320 + 331. What is the remainder when m is divided by (-1)/(-1) + (4 - 1)?
3
Let n(o) = o**2 + 5*o + 8. Let w = -19 - -73. Calculate the remainder when w is divided by n(-6).
12
Let h(i) = 4*i**2 + i + 1. What is the remainder when 42 is divided by h(-2)?
12
Suppose 0*i + 4*c + 80 = 3*i, -3*c = -i + 35. Suppose h + 2*h - 177 = 0. What is the remainder when h is divided by i?
19
Suppose -6*y = -2*y - 20. Let u(b) = -b**2 + 6*b + 9. What is the remainder when u(6) is divided by y?
4
Let v(t) = t**2 + 6*t + 3. Let a be v(-6). Let i be (1/(-2))/(a/(-582)). Suppose -i - 33 = -5*l. Calculate the remainder when l is divided by 9.
8
Suppose 2*v - 158 = -56. Suppose -v = -q + 5*c, -5*q - 4*c = -579 + 179. What is the remainder when 28 is divided by q/8 + (-1)/(-2)?
8
Suppose 5*t + 2 = 17. Suppose -5*l = -4*n + 2, 10 = -l + 5*n - t. Suppose -h + 2 = 3*c, l*h + 0*c + 2*c - 12 = 0. What is the remainder when h is divided by 3?
2
Let a(t) = -2*t + 4. Let z be a(-9). What is the remainder when (z/6)/((-3)/(-9)) is divided by 4?
3
Let s = 3 + -2. Let y(d) = 3*d**2. Calculate the remainder when 9 is divided by y(s).
0
Suppose 2*r + q = 65 + 13, 0 = -5*r - 4*q + 195. Let h(j) = 21*j + 74. What is the remainder when r is divided by h(-3)?
6
Suppose -2*d = 3*d - 15. Suppose -30 - 4 = -d*k + 4*n, n = 3*k - 40. Calculate the remainder when 53 is divided by k.
11
Let f = -10 + 13. Suppose 5*h + 0*h - f*d - 113 = 0, -2*d - 17 = -h. Calculate the remainder when h is divided by 13.
12
Suppose 27*n + 16 = 29*n. Calculate the remainder when 63 is divided by n.
7
Suppose 0 = 2*w + 7 - 13. Suppose 2*m - 22 = -3*y, 0 = -w*m - 3*y + 13 + 20. Calculate the remainder when 42 is divided by m.
9
Let j(r) = -r - 1. Let u(p) = p - 9. Let z(v) = 5*j(v) - u(v). What is the remainder when z(-4) is divided by 10?
8
What is the remainder when 10/35 + (-10)/(-14) is divided by 1?
0
Let u(b) = -b + 7. Let q(h) = -7*h - 1. Let c be q(-1). Let d(r) = r**3 - 6*r**2 - 5. Let k be d(c). What is the remainder when 35 is divided by u(k)?
11
Let o be (-48)/(1 - 1 - 1). Let w = o - 24. Calculate the remainder when w is divided by 13.
11
Suppose u = d - 0*u - 18, -3*u = d - 18. What is the remainder when d is divided by 10?
8
Let i = 93 + -26. Suppose -6 = -4*g + g. Suppose -3*j = g*n - 67, -4*n + 7*n = -3. Calculate the remainder when i is divided by j.
21
Let x be -2 + 1 + -1 + 1. Let z be -2 - -3 - x*1. Calculate the remainder when (-70)/(-3) + z/(-6) is divided by 8.
7
Let a be 3/6 + 13/(-2). Let s be a - (2 - 0 - 2). Let b = s + 24. Calculate the remainder when 53 is divided by b.
17
Suppose -95 = -5*n + 5*r, 2*r - 7 = -n + 12. Calculate the remainder when 69 is divided by n.
12
Suppose 4*q = -4*l - l + 43, q - 22 = l. Calculate the remainder when q is divided by 6.
5
Let t(a) = a**2 + 4*a - 26. What is the remainder when t(-8) is divided by 5?
1
Suppose -3*d = -4*d + 40. What is the remainder when d is divided by 14?
12
Suppose 3*c - 2*h = 29, 3*c - 8 = 3*h + 22. Let u be (-275)/3 - (-3)/(-9). What is the remainder when 12/18 - u/6 is divided by c?
7
Suppose 6*k - 3*k + 3 = 0, -3*p + 9 = 3*k. Suppose -p*t + 49 = c, -2*t + 4 = -2*c - 18. Calculate the remainder when 34 is divided by t.
10
Let d be (-1)/((6/(-4))/3). Suppose -30 = -d*p - p. What is the remainder when 18 is divided by p?
8
Let h(y) = y + 12. Calculate the remainder when h(24) is divided by 13.
10
Suppose -4*y = 2*a - 58 - 58, -2*y - 232 = -4*a. Let b = -7 + a. Calculate the remainder when b is divided by 26.
25
Let h = -2 + 2. Suppose -4*n + 156 = -h*n. Suppose 0*j + 34 = 2*y - 2*j, -2*j + 6 = 0. Calculate the remainder when n is divided by y.
19
Let k = 8 + -5. Suppose 108 = 4*u + 5*f, 3*u - k*f - 81 = -4*f. What is the remainder when 107 is divided by u?
26
Suppose -t + r - 19 = 0, -2*r - 7 = 5*t - 4*t. Suppose 2*w = -3*w + 110. Let x = t + w. Calculate the remainder when 26 is divided by x.
5
Let p be 9/6*2/3. Suppose 6*u - 4*u - 38 = 0. Calculate the remainder when u is divided by (-1)/((3/(-30))/p).
9
Suppose -4*p = -5*p - 2*i - 2, -4*p + 3*i + 14 = 0. Suppose -44 - 2 = -p*l. Calculate the remainder when l is divided by 6/(2 + -1) + 2.
7
Let q(d) = d - 1. Let j = -78 - -47. Let g = -29 - j. Calculate the remainder when g is divided by q(2).
0
Let l(d) = 5*d - 18. What is the remainder when 11 is divided by l(4)?
1
Calculate the remainder when 6 is divided by (-2)/(-2)*(2 - 0).
0
Let a be 3/(-1) - (3 - 0). Let n be a/(-21) + (-5)/(-7). Calculate the remainder when (15/(-3))/(n/(-3)) is divided by 9.
6
Let j(m) be the first derivative of m**3/3 + 7*m**2/2 - 2*m - 3. Let s be j(-6). What is the remainder when 27 is divided by s/12 + (-88)/(-6)?
13
What is the remainder when 34 is divided by (-7 + 9)*7/2?
6
Let s = -17 + 19. Suppose -5*v + 197 = 6*w - s*w, 0 = 3*w - 4*v - 140. Let t = -32 - -57. Calculate the remainder when w is divided by t.
23
Let b = 67 + -48. Suppose -36 = -5*i - 11. Calculate the remainder when b is divided by i.
4
Suppose -2*o = -3*x - 2, 2*x - 8 = -0*x. What is the remainder when 27 is divided by o?
6
Suppose 316 - 52 = 8*h. Calculate the remainder when 65 is divided by h.
32
Suppose 0 = -7*o + 10*o - 12. Suppose o*m - 4 = -0, 40 = 2*r + 4*m. What is the remainder when 33 is divided by r?
15
Let h(p) = -p**2 + 2. Let z be h(-2). What is the remainder when z/(-3) - 22/(-3) is divided by 3?
2
Suppose 56 = -5*b + 4*k, -5*k - 3 = 3*b + 1. What is the remainder when 4*1*(-86)/b is divided by 22?
21
Suppose 2*n + 7 = 3*h + 3*n, 5*h - 6 = 4*n. Let u(j) = j - 2. Let g be u(h). Suppose g = -2*c + 3 + 29. What is the remainder when 46 is divided by c?
14
Let u(q) = -q**2 - 6*q. Let n be (-1194)/(-12) + 1/2. Suppose -25 + n = 5*p. What is the remainder when p is divided by u(-4)?
7
Calculate the remainder when (-6)/33 - (-2052)/33 is divided by 16.
14
Suppose 8*z + 132 - 852 = 0. Calculate the remainder when z is